of 33124837.
71, 466547
What are the prime factors of 143309745?
3, 5, 17, 31, 6043
List the prime factors of 379779280.
2, 5, 4747241
List the prime factors of 124489927.
124489927
List the prime factors of 1028554322.
2, 19, 1303, 20773
What are the prime factors of 209113486?
2, 104556743
What are the prime factors of 34397104?
2, 7, 31, 9907
What are the prime factors of 514788255?
3, 5, 619, 18481
What are the prime factors of 422902235?
5, 7, 12082921
List the prime factors of 26922752.
2, 105167
What are the prime factors of 51109217?
173, 295429
What are the prime factors of 2370196613?
2370196613
List the prime factors of 156778670.
2, 5, 41, 389, 983
What are the prime factors of 617817330?
2, 3, 5, 13, 113, 4673
What are the prime factors of 202306516?
2, 59, 179, 4789
List the prime factors of 344313635.
5, 1013, 67979
List the prime factors of 28066574.
2, 53, 264779
What are the prime factors of 4737078843?
3, 7, 73, 3090071
What are the prime factors of 437841479?
439, 523, 1907
List the prime factors of 897762978.
2, 3, 7, 41, 173783
List the prime factors of 46326199.
19, 109, 22369
What are the prime factors of 1559185189?
6983, 223283
What are the prime factors of 649016425?
5, 83, 312779
What are the prime factors of 270500931?
3, 10018553
What are the prime factors of 2128633378?
2, 97, 101, 108637
What are the prime factors of 402362405?
5, 61, 79, 16699
What are the prime factors of 107278554?
2, 3, 151, 118409
What are the prime factors of 14105639?
859, 16421
What are the prime factors of 27781507?
13, 29, 59, 1249
List the prime factors of 3587319813.
3, 7, 11, 15529523
What are the prime factors of 36278899?
349, 103951
What are the prime factors of 514450?
2, 5, 10289
What are the prime factors of 165422105?
5, 33084421
What are the prime factors of 40856374?
2, 13, 587, 2677
List the prime factors of 461867118.
2, 3, 17, 4528109
What are the prime factors of 80292947?
7, 11470421
What are the prime factors of 704207739?
3, 234735913
What are the prime factors of 114219887?
19, 6011573
List the prime factors of 19893947.
569, 34963
What are the prime factors of 1017755?
5, 29, 7019
What are the prime factors of 33987500?
2, 5, 2719
What are the prime factors of 48529401?
3, 19, 851393
List the prime factors of 169329049.
1831, 92479
What are the prime factors of 881811643?
9887, 89189
What are the prime factors of 56727213?
3, 347, 54493
List the prime factors of 2472164600.
2, 5, 43, 337, 853
List the prime factors of 97210208.
2, 3037819
What are the prime factors of 351585863?
351585863
What are the prime factors of 37444015?
5, 7, 641, 1669
What are the prime factors of 35115436?
2, 31, 503, 563
List the prime factors of 1985497301.
1985497301
List the prime factors of 3606882728.
2, 419, 1076039
List the prime factors of 1028690.
2, 5, 13, 41, 193
List the prime factors of 28551664.
2, 181, 9859
List the prime factors of 3271292.
2, 817823
What are the prime factors of 92572368?
2, 3, 7, 39359
List the prime factors of 259417323.
3, 11, 37, 43, 61
What are the prime factors of 19235471?
19235471
List the prime factors of 362365856.
2, 491, 23063
List the prime factors of 16486482.
2, 3, 31, 151, 587
What are the prime factors of 64945779?
3, 21648593
What are the prime factors of 26909351?
7, 17, 226129
List the prime factors of 170134.
2, 257, 331
What are the prime factors of 114924414?
2, 3, 11, 337, 5167
What are the prime factors of 2200418164?
2, 7, 3613, 21751
What are the prime factors of 76080050?
2, 5, 29, 71, 739
What are the prime factors of 91681548?
2, 3, 7, 155921
What are the prime factors of 317835867?
3, 2393, 44273
List the prime factors of 1266412932.
2, 3, 47, 748471
What are the prime factors of 692237474?
2, 346118737
What are the prime factors of 168076087?
113, 1487399
What are the prime factors of 30815367?
3, 11, 191, 4889
What are the prime factors of 194107220?
2, 5, 89, 109049
List the prime factors of 33394483.
389, 85847
What are the prime factors of 605715041?
19, 67, 79, 317
List the prime factors of 62248105.
5, 373, 33377
List the prime factors of 370478695.
5, 1979, 37441
What are the prime factors of 489579334?
2, 23, 29, 367001
List the prime factors of 1997243622.
2, 3, 11, 3362363
List the prime factors of 109789350.
2, 3, 5, 11, 23, 263
What are the prime factors of 2390590834?
2, 109, 10966013
What are the prime factors of 63910718?
2, 17, 19, 41, 127
List the prime factors of 334865053.
1607, 208379
What are the prime factors of 12493152?
2, 3, 7, 6197
List the prime factors of 20860832.
2, 651901
List the prime factors of 400646199.
3, 107, 1248119
List the prime factors of 753582530.
2, 5, 75358253
What are the prime factors of 172400605?
5, 13, 251, 10567
What are the prime factors of 2525217765?
3, 5, 7, 1523, 15791
What are the prime factors of 253927440?
2, 3, 5, 13, 9043
What are the prime factors of 3567732845?
5, 713546569
What are the prime factors of 1541986116?
2, 3, 11, 19, 614827
What are the prime factors of 1293963008?
2, 13, 293, 1327
What are the prime factors of 23126300?
2, 5, 281, 823
What are the prime factors of 689225115?
3, 5, 45948341
What are the prime factors of 147338587?
11, 13394417
List the prime factors of 40101962.
2, 20050981
What are the prime factors of 1032954345?
3, 5, 37, 620393
List the prime factors of 1266236151.
3, 422078717
List the prime factors of 1992846479.
13, 11791991
What are the prime factors of 1099810634?
2, 13, 42300409
List the prime factors of 31257912.
2, 3, 7, 67, 2777
List the prime factors of 21417119.
1283, 16693
List the prime factors of 9600268.
2, 2400067
What are the prime factors of 22710520?
2, 5, 7, 11587
What are the prime factors of 97262973?
3, 37, 292081
List the prime factors of 382237445.
5, 163, 173, 2711
List the prime factors of 1013549874.
2, 3, 168924979
What are the prime factors of 5183734867?
59, 87859913
What are the prime factors of 984249878?
2, 492124939
What are the prime factors of 121319367?
3, 13, 3110753
What are the prime factors of 96552667?
101, 955967
What are the prime factors of 191732483?
37, 607, 8537
List the prime factors of 64615530.
2, 3, 5, 7, 307693
What are the prime factors of 157442716?
2, 4673, 8423
List the prime factors of 1708925605.
5, 341785121
What are the prime factors of 67663638?
2, 3, 7, 17, 31, 1019
What are the prime factors of 3429584980?
2, 5, 171479249
List the prime factors of 756555898.
2, 7, 47, 751, 1531
What are the prime factors of 89353711?
5903, 15137
What are the prime factors of 301053861?
3, 181, 61603
What are the prime factors of 211481560?
2, 5, 5287039
What are the prime factors of 2478015020?
2, 5, 13, 71, 241, 557
List the prime factors of 282289966.
2, 7, 1187, 16987
What are the prime factors of 2526010708?
2, 13, 19, 149, 17159
List the prime factors of 1786914663.
3, 29, 53, 61, 6353
List the prime factors of 2873252487.
3, 7, 136821547
List the prime factors of 44042155.
5, 17, 29, 1051
What are the prime factors of 229705276?
2, 57426319
List the prime factors of 38975517.
3, 7, 19, 32561
What are the prime factors of 187849691?
2621, 71671
What are the prime factors of 165031951?
7, 37, 227, 401
List the prime factors of 604796378.
2, 263, 1149803
List the prime factors of 75849153.
3, 25283051
What are the prime factors of 2879531475?
3, 5, 37, 41, 25309
List the prime factors of 202932635.
5, 19, 2136133
What are the prime factors of 784666780?
2, 5, 73, 149, 3607
List the prime factors of 68856139.
11, 239, 2381
List the prime factors of 45580981.
19, 59, 73, 557
List the prime factors of 246522067.
11, 22411097
List the prime factors of 93057681.
3, 31019227
List the prime factors of 159407255.
5, 7, 4554493
What are the prime factors of 197376065?
5, 39475213
List the prime factors of 933542451.
3, 29, 3576791
List the prime factors of 536064398.
2, 109, 2459011
What are the prime factors of 455020556?
2, 29, 257, 15263
What are the prime factors of 59608228?
2, 14902057
List the prime factors of 46257699.
3, 15419233
What are the prime factors of 56828970?
2, 3, 5, 11, 137, 419
What are the prime factors of 776433160?
2, 5, 37, 109, 4813
List the prime factors of 15447201.
3, 7, 11, 41, 233
What are the prime 